on factor of 12400 and 298457150.
1550
What is the highest common divisor of 552 and 13796619?
69
What is the highest common divisor of 660541 and 10538?
479
What is the highest common factor of 616 and 322496?
8
Calculate the highest common factor of 6417658 and 104.
26
What is the greatest common factor of 4140 and 2916660?
60
What is the greatest common factor of 1515714 and 957?
87
What is the greatest common factor of 1288 and 329728?
1288
Calculate the greatest common divisor of 303775 and 79025.
725
Calculate the highest common divisor of 1825335 and 135.
135
What is the highest common factor of 3480 and 3950985?
15
What is the highest common factor of 1868 and 308595468?
1868
What is the highest common divisor of 158848 and 1490441?
1241
Calculate the greatest common factor of 365496073 and 68.
17
What is the greatest common divisor of 1598828 and 193952?
1276
Calculate the highest common divisor of 747702684 and 556.
556
What is the highest common factor of 227531846 and 9092?
4546
What is the greatest common divisor of 548394 and 4697?
77
Calculate the greatest common factor of 3659794 and 12886.
34
Calculate the greatest common divisor of 17842515 and 135.
15
What is the highest common factor of 83760 and 240060?
60
What is the highest common divisor of 11600 and 221212?
116
What is the highest common factor of 251420426 and 40090?
8018
Calculate the greatest common divisor of 116130455 and 35.
35
Calculate the highest common factor of 3384 and 2866671.
423
What is the greatest common factor of 1593 and 11889798?
177
What is the highest common factor of 5393127 and 2753?
2753
Calculate the greatest common divisor of 606705 and 120945.
165
Calculate the greatest common divisor of 87855 and 12945.
15
Calculate the highest common divisor of 49170121 and 22022.
1001
Calculate the highest common divisor of 194065614 and 18.
18
Calculate the greatest common divisor of 2702888 and 44.
4
What is the highest common factor of 10100 and 95700?
100
What is the greatest common divisor of 85493 and 22256?
107
Calculate the greatest common factor of 5576 and 410584.
136
What is the greatest common factor of 357939 and 33?
3
What is the highest common factor of 37 and 3442762606?
37
What is the greatest common divisor of 84835 and 278240?
235
Calculate the highest common divisor of 19095710 and 218.
218
Calculate the greatest common divisor of 8370 and 17447544.
558
What is the highest common factor of 407856 and 69441?
879
What is the highest common factor of 69416067 and 105?
21
What is the highest common factor of 46978220 and 460?
20
What is the highest common divisor of 28749659 and 173?
173
What is the highest common divisor of 25410 and 2937?
33
Calculate the greatest common factor of 111868540 and 21.
7
What is the greatest common factor of 3815 and 2383285?
545
What is the highest common factor of 4232 and 185012?
92
What is the greatest common divisor of 478 and 73408133?
239
Calculate the greatest common divisor of 2940 and 12165240.
60
Calculate the greatest common factor of 11 and 303734761.
11
What is the highest common divisor of 39618296 and 499072?
4456
What is the greatest common factor of 642 and 3781275996?
642
What is the greatest common divisor of 6109720 and 1374?
458
Calculate the highest common factor of 8 and 80169800.
8
Calculate the greatest common factor of 2048161 and 8906.
73
What is the highest common factor of 1296553 and 1898?
73
Calculate the greatest common factor of 10750724 and 2215.
443
Calculate the highest common factor of 4823 and 536879.
7
Calculate the highest common factor of 160 and 125265680.
80
Calculate the greatest common divisor of 773784 and 79904.
88
Calculate the greatest common factor of 1794 and 65435253.
897
Calculate the greatest common divisor of 16969584 and 7038.
138
Calculate the highest common divisor of 13878 and 444658059.
6939
Calculate the highest common factor of 770 and 4991693.
7
Calculate the highest common factor of 64 and 369849248.
32
What is the greatest common divisor of 1187955 and 99?
9
Calculate the highest common factor of 2610329 and 309.
103
Calculate the greatest common divisor of 21045 and 1332301.
61
What is the greatest common factor of 16013 and 21749?
239
Calculate the greatest common divisor of 157 and 416026607.
157
Calculate the greatest common factor of 1082883 and 132394.
1249
Calculate the highest common divisor of 2096912 and 416.
16
What is the highest common factor of 5599023 and 15?
3
Calculate the greatest common divisor of 3454 and 4941418.
314
Calculate the highest common factor of 89397 and 588357.
2079
What is the highest common factor of 3337 and 393395593?
3337
Calculate the greatest common divisor of 715188 and 498406.
214
Calculate the greatest common divisor of 9063 and 356364.
171
What is the highest common factor of 110045144 and 1694?
242
Calculate the greatest common divisor of 1155 and 2509287.
33
What is the highest common factor of 728 and 2716519?
13
Calculate the greatest common divisor of 1395429120 and 387.
387
Calculate the greatest common divisor of 112 and 26438272.
112
What is the greatest common factor of 2852 and 32891?
31
What is the highest common divisor of 48580 and 38437190?
3470
What is the greatest common factor of 87552 and 134696448?
4608
Calculate the greatest common factor of 12 and 40032978.
6
Calculate the highest common divisor of 22 and 156073951.
11
What is the highest common divisor of 369173 and 483?
161
Calculate the highest common divisor of 7177687 and 2318.
1159
Calculate the greatest common divisor of 129 and 12528179.
43
What is the greatest common factor of 109043309 and 227?
227
Calculate the highest common divisor of 19 and 22615339.
19
What is the highest common factor of 1335362 and 28?
14
What is the greatest common divisor of 128334 and 102054?
438
What is the highest common divisor of 34010166 and 306?
102
What is the highest common divisor of 3636 and 232447056?
1212
What is the highest common divisor of 136 and 25492639?
17
Calculate the greatest common divisor of 2699788 and 223132.
364
Calculate the highest common divisor of 148420183 and 4658.
2329
Calculate the greatest common divisor of 1086049 and 8569.
41
What is the highest common divisor of 19011235 and 1090?
545
Calculate the highest common divisor of 1704 and 75361388.
284
What is the greatest common factor of 3655948 and 131?
131
Calculate the greatest common divisor of 7121508 and 1742340.
4908
What is the greatest common factor of 456 and 39568896?
24
What is the highest common factor of 28917 and 109701?
459
Calculate the highest common factor of 1100 and 3952300.
1100
What is the greatest common factor of 884142 and 28350?
378
Calculate the greatest common divisor of 247 and 24258611.
247
Calculate the greatest common factor of 11235 and 7846090.
35
What is the highest common divisor of 1308099 and 17?
17
Calculate the greatest common divisor of 8600 and 167618300.
4300
What is the highest common divisor of 59600 and 1350?
50
Calculate the highest common factor of 21096 and 26756174.
586
Calculate the highest common factor of 171 and 2367621.
9
What is the greatest common factor of 908250 and 2602950?
1050
Calculate the highest common divisor of 3604256 and 13040.
2608
What is the greatest common divisor of 8450224 and 680?
136
Calculate the highest common divisor of 387418573 and 995.
199
What is the highest common factor of 568557265 and 340?
85
Calculate the greatest common divisor of 289 and 10273372.
289
What is the greatest common divisor of 1491166 and 413?
59
What is the greatest common divisor of 6319435 and 45?
5
What is the greatest common factor of 98964 and 533844?
36
What is the highest common factor of 527378 and 24221?
457
What is the greatest common divisor of 646384 and 4616704?
1136
Calculate the greatest common factor of 13361732 and 428.
428
Calculate the highest common factor of 177702 and 156324.
42
Calculate the greatest common divisor of 31851852 and 348.
12
Calculate the highest common divisor of 303685 and 45.
5
Calculate the greatest common divisor of 55758 and 201.
3
Calculate the greatest common divisor of 418571 and 88219.
1877
Calculate the greatest common factor of 913 and 2235563.
11
What